ctors of 864/21 + (-6)/42?
41
Let k be 1/(-2 + 27/15). Let v be (-8)/k - (-2)/5. List the prime factors of (v/5)/(2/20).
2
Suppose -2*j + d + 232 = 3*j, 5*j - 3*d - 236 = 0. List the prime factors of j.
2, 23
Let t = -8 - -4. Suppose 6*n - 5*n + 18 = 0. What are the prime factors of (-370)/(-45) - t/n?
2
Suppose 2*h = 10 - 2. Suppose 3*w = -h*j - w - 4, -j = -5*w - 29. Suppose 0 = -l + j - 1. What are the prime factors of l?
3
Suppose -3*a - 12 = -0*a - 3*p, -a + 4 = 3*p. What are the prime factors of -3*10/4*a?
3, 5
Suppose 3 = -x - 4. Let z(r) = -r**3 - 8*r**2 - 2*r - 8. Let q be z(x). List the prime factors of q/(-5) - (-2)/5.
3
Suppose 0 = -5*b + 93 - 28. List the prime factors of b.
13
Let p = -6 + 9. Suppose -3*a - 2*a = -p*j - 28, 0 = j + 5*a - 4. List the prime factors of (2 - 33/9)*j.
2, 5
Suppose -2*j + 90 = -0*j. Suppose j = 5*d - 25. Suppose 0*s - d = -2*s - 2*u, 0 = 2*s - u - 29. List the prime factors of s.
2, 3
Suppose 4*g - 5*a = 179, 0 = 4*g + 2*a - 42 - 116. Suppose 5 = 2*k + u - 20, g = 4*k - u. List the prime factors of k.
11
Let x(z) = 4*z**2 - 6*z**2 - 3 - z**3 + 3*z + 0*z**2. What are the prime factors of x(-4)?
17
Let z = -72 - -151. What are the prime factors of z?
79
Suppose 4*p - c - 445 = 0, -8*p = -5*p + 3*c - 345. List the prime factors of p.
2, 7
Let p = 0 - -4. Suppose -p*m = -22 - 18. List the prime factors of 7 + 5/(m/(-4)).
5
List the prime factors of (-330)/(-9) - 2 - (-7)/21.
5, 7
Let g be (-4)/(-14) - 6/21. Suppose -4*j + 4*l - 10 = -46, -3*j - 4*l + 55 = g. List the prime factors of j.
13
Let s(x) = x - 4. Let h be s(4). Suppose h*a - 9 = -3*a. List the prime factors of a.
3
Suppose 9 + 41 = 5*a. List the prime factors of a.
2, 5
Let g = 115 + -79. Suppose g = 3*t - 84. What are the prime factors of ((-6)/4)/((-6)/t)?
2, 5
Let l = -130 - -325. List the prime factors of l.
3, 5, 13
List the prime factors of ((0 - -9) + -2)*(0 - -21).
3, 7
Let l be 3/(-9)*-3 + 3. Suppose -l*n + 3*o = -31, -5*o + 6 = -9. List the prime factors of n.
2, 5
Suppose 2*r = r - 3. Let g = 3 - r. What are the prime factors of 5 - 3*g/(-9)?
7
Let o be -6*(-3)/((-27)/(-6)). Let g = o - 5. List the prime factors of 3 + g - (-2 + 0).
2
Let u = 8 + -6. Let w = -1 + u. What are the prime factors of (-12)/(-9)*6 - w?
7
Let i(m) = 7*m - 1. Suppose 2 = -r, 2*c + 0*r - 8 = 4*r. Suppose -2*q + 3 = -4*g + 5, c = q - 1. What are the prime factors of i(g)?
2, 3
Let g = 5 + -7. List the prime factors of -1*-6*(g - -3).
2, 3
Suppose -2*w + 197 + 1 = 0. Suppose -w = -4*y + y. List the prime factors of y.
3, 11
Let d(a) = -a**3 - 10*a**2 - 10*a + 1. Let o be d(-9). What are the prime factors of 118/4 + (-5)/o?
29
Let g(u) = -u + 5. Let o = -8 - -4. What are the prime factors of g(o)?
3
Let y(x) = -2*x - 4. Suppose 0 = -g - 1 + 4. Suppose 40 = -2*v - g*v. List the prime factors of y(v).
2, 3
Let n be 236/(-10) + 6/(-15). Let b = -14 - n. What are the prime factors of b?
2, 5
Let a(l) = 30*l**2 + 6*l - 7. List the prime factors of a(2).
5
Suppose 0*q - 5*j - 13 = 4*q, 5*j = q - 28. What are the prime factors of (q + -4)*-34 - 3?
31
Suppose 4*a - s = 953 + 355, 3*s + 1308 = 4*a. List the prime factors of a.
3, 109
Suppose 2 = v - 3. Suppose -5*i - 16 = -3*w, v*w - 2*i = 12 + 2. Suppose -3 = -w*n + 13. What are the prime factors of n?
2
Let n = -6 - -4. What are the prime factors of 4 + 1 + (-1 - n)?
2, 3
Suppose 284 = j + 5*p + 13, 5*j - 5*p = 1295. What are the prime factors of j?
3, 29
Suppose 3*l + 2 = -2*k + 5, -2*k = -3*l + 15. Suppose -l*m + 11 = -7. What are the prime factors of m?
2, 3
Let m(q) = 6*q + 1. Let v be m(1). Suppose -y - v = 5. What are the prime factors of (-3)/((-2)/y*-2)?
3
Suppose f - 2*w = 3*w, -18 = -f - w. Suppose 2*r - f = -r. List the prime factors of r.
5
Let w(p) = -9*p**2 - 3*p - 3. Let h be w(-3). Let s = -50 - h. List the prime factors of s.
5
Let n(j) be the third derivative of j**5/60 - 5*j**4/24 - 2*j**3/3 - 3*j**2. List the prime factors of n(6).
2
Let p(d) = 2*d - 4. Let t be p(3). Suppose 0 = f - 3*w - 5, -f - t*w + 21 = 3*w. Suppose 3*i - 21 = -2*q, -2*q = 2*i + 3*i - f. What are the prime factors of q?
2, 3
Let z(j) = -45*j**3 - j**2 + j - 1. Let b be z(1). Suppose -5*a + 51 = q, a = -2*a + 5*q + 25. What are the prime factors of 10/25 - b/a?
5
Suppose 3*c - 129 = 33. List the prime factors of c.
2, 3
Suppose -4*c + 29 + 19 = 0. Suppose 4*v - 69 = k, 0 = -3*k - k + c. List the prime factors of v.
2, 3
Let z = 3 - 4. Let p be z/(-1)*(85 - -4). Suppose 5*b + 3*a - 31 = 57, -4*a = 5*b - p. What are the prime factors of b?
17
Let b(t) = 2*t**2 + 7*t - 6. List the prime factors of b(-7).
43
Let p = 13 - -19. List the prime factors of p.
2
Suppose 4*z - 121 = 103. Suppose -4*a = 8 - z. List the prime factors of a.
2, 3
Suppose -3*p - 122 = -2*o - p, 0 = -4*o - 5*p + 235. What are the prime factors of o?
2, 3, 5
Suppose 3*s + 7 = m, 0*m - 3*s = 4*m - 13. Suppose l - 8 = -m*y + 2*y, 0 = l - 5*y + 13. Suppose -2*v - 2*x = -0*x - 4, -x = l. What are the prime factors of v?
2
Let u(z) = -4*z + 2. Let h be u(-3). Suppose -o = n - h, -4*o - 25 = -5*n - 63. List the prime factors of o.
2, 3
Let v(s) = 3*s**2 - 4*s - 5. Let n(r) = -4*r**2 + 4*r + 6. Let x(m) = 2*n(m) + 3*v(m). Suppose -9*j + 5*j = 8. List the prime factors of x(j).
3
Let a(v) = 44*v**3 - 3*v**2 + 6*v - 6. What are the prime factors of a(2)?
2, 173
Suppose -w + 86 = -o, -169 = -5*w + 3*w + o. List the prime factors of w.
83
Suppose q - 2*n + 3*n - 106 = 0, 0 = -q - 5*n + 90. List the prime factors of q.
2, 5, 11
Suppose 0 = -z - 10 - 6. Let u = 9 + z. Let w = u + 24. What are the prime factors of w?
17
Let s = -93 + 131. List the prime factors of s.
2, 19
Let f(h) = -3*h - 9. Let k be f(-6). Let m = -20 - -20. Suppose m = -b - 2*z + 3, 5*b = 4*z + 66 - k. List the prime factors of b.
3
Let i = 13 - 10. What are the prime factors of i?
3
Let d = -4 + -10. What are the prime factors of (-5)/(-2) + 7/d?
2
Let l be 8/(-20) + 28/(-5). Let p be ((-3)/l*0)/(-1). List the prime factors of p/3 - (1 - 5).
2
Suppose -u = -6*u + 4*w + 468, 0 = -2*u - 4*w + 176. List the prime factors of u.
2, 23
Let z = 63 - -34. List the prime factors of z.
97
Suppose -2*d + 5 = 3*d. Let k = 4 + d. Suppose 4*o = -3*r + 1 + k, 3 = 2*r + 3*o. List the prime factors of r.
2, 3
Suppose 5*s - 6 = -31, -3*f = -4*s - 95. What are the prime factors of f?
5
Let m(o) = 40*o - 2. Let z be m(-2). Let k = 117 + z. List the prime factors of k.
5, 7
Let m(f) = -3*f - 4. Suppose 2*a + 0*j + 2 = -2*j, 5*a + 3*j = -11. Let x be m(a). Suppose -v - 3*v + x = 0. What are the prime factors of v?
2
Let a(m) = 24*m**2 - 2*m - 1. Let n be (0 - (0 - -2)) + 1. List the prime factors of a(n).
5
Suppose -17*u - 375 = -20*u. What are the prime factors of u?
5
Let a = -2 - -38. Suppose -3*u = -4*d - 17, 3*u - 2*d = -7*d - 1. Suppose i - a = -u*i. List the prime factors of i.
3
Let n = 4 + -16. What are the prime factors of (n/(-5))/((-4)/(-30))?
2, 3
Let r(c) = 4*c**3 + 3*c**2 + 2*c. Let x(y) = -17*y**3 - 13*y**2 - 8*y. Let u(h) = 9*r(h) + 2*x(h). List the prime factors of u(2).
2, 3
Let q = 39 + -28. Suppose 2*v - 5*v + q = -4*j, 4*j = -v + 9. Suppose -j = l + c + 1, 2*l = -3*c - 8. What are the prime factors of l?
2
List the prime factors of 0 - (-156)/6 - -2.
2, 7
Suppose 4*x + 0*x - 64 = 0. What are the prime factors of x?
2
Suppose -2*w = -4*q + 28, 2*w + 3*q - 12 = -5. Let s = w + 9. Suppose s*t - 99 = 2*j, -69 = 5*t - j - 166. What are the prime factors of t?
19
Suppose 0*d + 5 = 5*d - j, -2*j = -5*d. Let c be (0/1)/(d + -3). Suppose r + c*r - 10 = 0. List the prime factors of r.
2, 5
Let q = 55 + -33. Suppose 2*z + 0*z = q. What are the prime factors of z?
11
Suppose 380 = 5*q - i, 2*q - 130 = -2*i + 22. List the prime factors of q.
2, 19
Suppose -3*h - 1 + 4 = 0, -2*h - 108 = -5*r. What are the prime factors of r?
2, 11
Suppose -2*k - 2 = -0. Let g be (k/(-2))/((-2)/12). What are the prime factors of 3 + 1 - (g - -1)?
2, 3
Let o be (-2)/(-5) - 46/(-10). Let k(d) = 6*d + 3*d - o*d. List the prime factors of k(1).
2
Let q(h) = 3*h + 1. Let t(z) = -z - 1. Let v(x) = -2*q(x) - 5*t(x). What are the prime factors of v(-7)?
2, 5
Let n(s) = s**3 + 2*s - 1. Let b be n(1). Let x = b - -1. Suppose -2*h - x*h + 85 =